ainder when 57352 is divided by 14327?
44
Calculate the remainder when 1301655848 is divided by 275.
273
What is the remainder when 10576214 is divided by 179257?
51
Calculate the remainder when 8233068 is divided by 865.
863
Calculate the remainder when 1676409 is divided by 1650.
9
Calculate the remainder when 18361923 is divided by 37.
7
What is the remainder when 9452460 is divided by 174?
84
Calculate the remainder when 1745899 is divided by 531.
502
What is the remainder when 454135 is divided by 580?
575
What is the remainder when 587176 is divided by 85?
81
Calculate the remainder when 1241275 is divided by 197.
175
Calculate the remainder when 355996 is divided by 1299.
70
What is the remainder when 52451 is divided by 52310?
141
Calculate the remainder when 4994869 is divided by 1.
0
Calculate the remainder when 3296304 is divided by 3497.
2130
What is the remainder when 5837261 is divided by 34540?
1
Calculate the remainder when 1209424 is divided by 469.
342
What is the remainder when 20927586 is divided by 3667?
17
Calculate the remainder when 126674837 is divided by 49.
37
What is the remainder when 27507 is divided by 8948?
663
What is the remainder when 27449171 is divided by 457486?
11
What is the remainder when 5638360 is divided by 30?
10
Calculate the remainder when 1286660 is divided by 166.
160
Calculate the remainder when 1533434 is divided by 117938.
240
What is the remainder when 7067554 is divided by 171?
124
Calculate the remainder when 10469265 is divided by 2424.
9
Calculate the remainder when 453854 is divided by 1488.
14
What is the remainder when 134062795 is divided by 2109?
2101
What is the remainder when 712291 is divided by 951?
943
What is the remainder when 3995651 is divided by 1997770?
111
What is the remainder when 34419 is divided by 17199?
21
Calculate the remainder when 5788 is divided by 1616.
940
What is the remainder when 50220045 is divided by 3697?
3694
Calculate the remainder when 9554619 is divided by 77.
74
What is the remainder when 3529207 is divided by 2367?
10
Calculate the remainder when 53048 is divided by 2843.
1874
Calculate the remainder when 284442368 is divided by 5.
3
Calculate the remainder when 35395133 is divided by 328.
325
Calculate the remainder when 591939 is divided by 84515.
334
What is the remainder when 160188593 is divided by 1555229?
6
What is the remainder when 11716088 is divided by 2929022?
0
What is the remainder when 10233626 is divided by 1599?
26
Calculate the remainder when 1843692 is divided by 27.
24
Calculate the remainder when 9334265 is divided by 1555675.
215
What is the remainder when 2185880 is divided by 29?
5
Calculate the remainder when 4456164 is divided by 557017.
28
What is the remainder when 6493230 is divided by 3491?
3461
Calculate the remainder when 6492401 is divided by 102.
101
What is the remainder when 70335 is divided by 496?
399
What is the remainder when 1862844 is divided by 14?
4
Calculate the remainder when 2835975 is divided by 349.
1
Calculate the remainder when 2201251 is divided by 19141.
36
Calculate the remainder when 14834259 is divided by 5110.
5039
Calculate the remainder when 282257 is divided by 3815.
3762
What is the remainder when 700591 is divided by 140115?
16
Calculate the remainder when 39122782 is divided by 13040905.
67
Calculate the remainder when 772453 is divided by 2476.
2417
What is the remainder when 29797 is divided by 3353?
2973
What is the remainder when 1938261 is divided by 387652?
1
Calculate the remainder when 2513522 is divided by 435.
92
Calculate the remainder when 191252 is divided by 818.
658
What is the remainder when 77417505 is divided by 2211928?
25
What is the remainder when 8520250 is divided by 1072?
1066
Calculate the remainder when 252020 is divided by 17934.
944
What is the remainder when 77727158 is divided by 3?
2
What is the remainder when 75880 is divided by 761?
541
Calculate the remainder when 147665668 is divided by 1994.
1992
Calculate the remainder when 4132717 is divided by 6358.
17
What is the remainder when 86996 is divided by 98?
70
What is the remainder when 899035 is divided by 106?
49
Calculate the remainder when 130653 is divided by 10019.
406
Calculate the remainder when 14629617 is divided by 199.
132
Calculate the remainder when 27440 is divided by 61.
51
Calculate the remainder when 2573091 is divided by 16816.
243
What is the remainder when 216369 is divided by 71016?
3321
Calculate the remainder when 12395648 is divided by 12395636.
12
Calculate the remainder when 270978 is divided by 2441.
27
What is the remainder when 614003 is divided by 122780?
103
Calculate the remainder when 1039030 is divided by 1039028.
2
Calculate the remainder when 421896 is divided by 734.
580
What is the remainder when 213823550 is divided by 29?
25
Calculate the remainder when 542208 is divided by 22589.
72
What is the remainder when 2105071 is divided by 575?
571
What is the remainder when 28004596 is divided by 348?
340
What is the remainder when 190902 is divided by 190885?
17
What is the remainder when 28470 is divided by 420?
330
What is the remainder when 369898 is divided by 2341?
20
What is the remainder when 4126860 is divided by 1375620?
0
Calculate the remainder when 671353 is divided by 1026.
349
Calculate the remainder when 62330 is divided by 29.
9
Calculate the remainder when 27846 is divided by 1380.
246
What is the remainder when 6038159 is divided by 87?
11
Calculate the remainder when 159064 is divided by 1966.
1784
What is the remainder when 320525 is divided by 105709?
3398
Calculate the remainder when 17721405 is divided by 46.
43
What is the remainder when 1227810 is divided by 12278?
10
What is the remainder when 1525046 is divided by 31?
1
Calculate the remainder when 606944074 is divided by 1007.
1006
What is the remainder when 2083406 is divided by 2547?
2507
Calculate the remainder when 2323709 is divided by 381.
371
What is the remainder when 43279319 is divided by 2345?
2344
What is the remainder when 199725 is divided by 338?
305
What is the remainder when 6600054 is divided by 471432?
6
Calculate the remainder when 332455 is divided by 33030.
2155
Calculate the remainder when 60709742 is divided by 6.
2
What is the remainder when 8874229 is divided by 2071?
2065
Calculate the remainder when 3479275 is divided by 168.
163
Calculate the remainder when 42322504 is divided by 42238.
28
What is the remainder when 392356 is divided by 20650?
6
Calculate the remainder when 951569429 is divided by 5819.
5816
What is the remainder when 82640 is divided by 526?
58
What is the remainder when 53606 is divided by 5797?
1433
What is the remainder when 69600 is divided by 23145?
165
Calculate the remainder when 309392 is divided by 264.
248
What is the remainder when 184265 is divided by 418?
345
Calculate the remainder when 6662492 is divided by 15.
2
Calculate the remainder when 1162611 is divided by 25274.
7
What is the remainder when 1108869 is divided by 369287?
1008
Calculate the remainder when 712091 is divided by 101721.
44
Calculate the remainder when 101885 is divided by 50845.
195
Calculate the remainder when 21157544 is divided by 587709.
20
What is the remainder when 1359116 is divided by 76?
8
What is the remainder when 3315860 is divided by 9501?
11
Calculate the remainder when 725580 is divided by 103648.
44
What is the remainder when 405723 is divided by 57381?
4056
Calculate the remainder when 111464 is divided by 2012.
804
What is the remainder when 4175228 is divided by 809?
788
Calculate the remainder when 118704 is divided by 37547.
6063
Calculate the remainder when 28575 is divided by 37.
11
What is the remainder when 326883150 is divided by 2591?
2590
Calculate the remainder when 1561196 is divided by 2065.
56
What is the remainder when 62958 is divided by 62923?
35
What is the remainder when 194410464 is divided by 26?
14
What is the remainder when 20958221 is divided by 4191641?
16
Calculate the remainder when 53426062 is divided by 102.
94
What is the remainder when 503899 is divided by 1856?
923
Calculate the remainder when 11700049 is divided by 364.
361
Calculate the remainder when 69698800 is divided by 3253.
22
What is the remainde